t c(m) = -3*m**2 + 0*m + 5*m**2 - m**3 + 1 - 2*m. Calculate c(p).
-3
Let l(h) be the third derivative of 0*h + 1/60*h**5 + 2/3*h**3 + 5/24*h**4 - 13*h**2 + 0. What is l(-4)?
0
Let y(i) = 10 - 4*i - 11 - i - 2*i - 3*i**2 + 2*i. Determine y(-2).
-3
Let g(w) = -4*w**2 - 1. Let p(z) = 4*z + 57. Let i be p(-14). What is g(i)?
-5
Let m be 48/10*(-15)/(-2). Let n = m + -21. Let r(o) = n*o**3 - 6*o**2 - 14*o**3 + 6 - 2. What is r(6)?
4
Let r(z) = -z**3 - 7*z**2 - 10*z - 6. Let l = -35 + 39. Suppose -2*s + l = 16. Calculate r(s).
18
Let c(o) = o + 2. Suppose 0 = -5*n + 4*n - 8. Let w be (10/15)/(n/84). Give c(w).
-5
Let u(z) = -16 - 2 + z + 6 - 1 + z. Determine u(5).
-3
Let a(d) = d**2 + 4*d + 4. Let j be (-3 - (-4 - 0))*(3 + 2). Suppose -j*g - 10 = -3*g. Give a(g).
9
Let l be (1/2)/((-1)/2). Let a(c) be the first derivative of -6*c**2 - 10593. Calculate a(l).
12
Let h(f) = 19*f. Let z(j) = -6*j. Let w(x) = h(x) + 3*z(x). Calculate w(-3).
-3
Let k = 253 + -246. Let w(i) = -i + 17. Give w(k).
10
Let n be (2/5)/((-3)/18)*-5. Let p(h) = h**2 - 13*h + 1. Calculate p(n).
-11
Let y be -4 - (-3 - -1 - 1). Let u be -4 - (18/2)/y. Let w(h) = -h - 1. What is w(u)?
-6
Suppose 8 = 4*f + 2*b, -4 = -2*f - 101*b + 103*b. Let t(j) = 1 - 3*j - 4*j + 1. What is t(f)?
-12
Let r(z) = 2*z**2 - z - 1. Let j(m) = m**2 - 6*m - 3. Let v(u) = j(u) - 2*r(u). Give v(-3).
-16
Let b(r) = r**2 + 11*r + 8. Let g(d) = 13*d**3 + d**2 + d + 2. Let t be g(-1). Let s be b(t). Let a(o) = -o**2 + 5*o + 8. Calculate a(s).
-16
Let x be (-8)/12 + 28/(-3). Let g = -8 - x. Suppose -5*c - 4*k = -1, -g*k = -2*c - k - 10. Let w(y) = -y**3 - 4*y**2 - 2*y - 2. Give w(c).
-5
Let l = -10 - -13. Let v be l - 6 - (-5 + 0). Let a(q) = -3*q**3 + 0 + 2*q**3 + 2 - q**2. Calculate a(v).
-10
Let s(v) = -226*v**3 + 3 - 230*v**3 + 455*v**3 + 6*v**2. What is s(6)?
3
Let t(z) = 5*z**2 + z**2 + z**3 + z**2 - 3*z**2 - 4. Determine t(-3).
5
Let z(q) be the third derivative of -q**5/60 + 5*q**4/12 + q**3/2 + 4464*q**2. Suppose -36 = -5*h + 14. Determine z(h).
3
Let u(k) be the second derivative of -k**4/12 - k**2/2 - 2*k. Suppose 0 = -10*a - 10 + 10. Determine u(a).
-1
Let w(i) be the first derivative of -5*i**2 + 6*i + 60. Determine w(7).
-64
Let n(z) = z**3 - 6*z**2 - 9*z + 10. Let u(q) = 2*q**2 + 56*q + 7. Let k be u(-28). Give n(k).
-4
Let x(r) = -3*r**2 - 23 - 9*r + 31 + 2*r + 2*r. Let u(v) = -13*v**2 - 20*v + 32. Let l(m) = -2*u(m) + 9*x(m). What is l(-7)?
-6
Let n(t) be the first derivative of -3*t**4/8 - t**3/6 + 39*t**2/2 - 42. Let s(f) be the second derivative of n(f). Give s(1).
-10
Let v(x) = x**3 + x**2 + 10*x + 7. Let z(j) = 5*j**3 + 3*j**2 + 41*j + 29. Let w(s) = -9*v(s) + 2*z(s). Give w(5).
5
Let j(n) = 10*n**2 + 4*n - 3. Let a(v) = 21*v**2 + 9*v - 7. Let l(c) = 3*a(c) - 7*j(c). Calculate l(-1).
-6
Let a be 0*(-2 - (-9)/6). Let u(p) = -p**3 + 3*p**2 + 2*p + 2. Let h be u(3). Let j(t) = -2*t - t + 7 + t**2 + 2*t + h. What is j(a)?
15
Let b(j) = 3*j**2 - 3*j - 2. Suppose -15*x = -46*x - 31. What is b(x)?
4
Let p(y) = 4*y**2 + y - 3. Let t be (-8 - -23 - 7) + -11 + 5. Determine p(t).
15
Let t(h) = h**2 - 6*h + 1. Let s be (-60)/27 + -3 - 6/(-27). Let k = s - -9. Determine t(k).
-7
Let k be 2/(4 + -1 - 1). Let p(m) = 8*m - 1. Suppose -5*x = -5*i + 40, -x - 6*i + 3*i + 8 = 0. Let u(f) = f. Let q(v) = x*u(v) - p(v). Calculate q(k).
-11
Suppose 0*h + 2*h - 8 = 0. Suppose w + 1 = -5*v - 1, -4*w - h*v + 8 = 0. Let r(b) = -b**w - 4*b + 2 + 5*b**2 - b + 2*b**3. Calculate r(-6).
-4
Let p(u) = -u - 12. Let m(a) = a + 9. Let d(v) = 5*m(v) + 6*p(v). Determine d(-17).
-10
Let a(w) = 2*w**2 - 16*w + 1. Suppose -7*x + 3 = -32. Let s(l) = 3*l**2 - 24*l + 1. Let p(h) = x*s(h) - 8*a(h). What is p(8)?
-3
Suppose 3 = 11*s - 10*s. Let b(w) = w**3 + 11 + w**3 - 4*w**2 - w**s + 3*w**2. Give b(0).
11
Let z(m) = -m + 3. Let f(c) = c**2 - 7. Let u be f(4). Determine z(u).
-6
Suppose 4*c = -3*m + 95 + 68, 275 = 5*m + 5*c. Let r = m - 49. Let k(p) = p**2 - 8*p - 3. Calculate k(r).
-3
Let i(t) = t**3 - 11*t**2 + 24*t + 4. Let n be i(8). Let u(o) = 0 - 1 - 1 + 1 + o. What is u(n)?
3
Let u(k) = -k**2 - 5. Let d(n) = -3*n**2 + 8*n - 19. Let s(h) = d(h) - 2*u(h). Give s(6).
3
Suppose 0*d + 5*d = 25. Suppose 4*q - 4*k = -16, 0 = -4*q + k - d - 8. Let l(s) = -s**2 - 4*s - 4. What is l(q)?
-1
Let t(z) = -10*z**2 + 16*z - 5. Let p(x) = x**2 + x - 1. Let o(j) = 6*p(j) + t(j). What is o(5)?
-1
Let k(n) be the first derivative of -n**2 - 5*n + 49. Calculate k(-6).
7
Let h(x) = -9*x**2. Suppose -33 = -8*g + 175. Let c(n) = 2*n**2. Let y(w) = g*c(w) + 6*h(w). Calculate y(2).
-8
Let o(w) = -w**3 + w - 7. Let y be 0*(14/12 - (-12)/(-72)). Give o(y).
-7
Let n(q) be the first derivative of -1/6*q**3 + 7/20*q**5 - 1/2*q**2 - 1/12*q**4 - 9 - 8*q. Let p(f) be the first derivative of n(f). Calculate p(-1).
-8
Let j(d) be the third derivative of -d**4/12 - d**2. Let t(c) = 3*c + 73. Let l be t(-21). Suppose 0 = -5*h - l. What is j(h)?
4
Let n be 329/235 + 3/5. Let w(j) be the third derivative of 0*j + 0 + 11*j**n + 1/3*j**3 - 1/60*j**5 - 7/24*j**4. Determine w(-6).
8
Let d(w) = -1 - 6*w - 2 - 3 + 1 - w**2. Let l(y) = y**2 - 2*y - 4. Let x be l(0). Determine d(x).
3
Let r be (154/4)/(4*(-4)/(-32)). Let m = r - 77. Let i(a) = 0*a - a + 0*a + 1. Give i(m).
1
Let v(d) = d**2 - 5*d - 2. Let r be 6*(-4)/(-36)*3. Suppose -4*n - r*i = -16, -3*n = -n - 2*i - 8. Determine v(n).
-6
Let i(r) = 4*r + 2. Suppose -2*g + 4*p = -4*g + 14, -5*p - 5 = -2*g. Suppose -21 + 1 = -g*n. Determine i(n).
18
Let y = 1245 - 1244. Let q(b) = 18*b + 10. Let w(a) = 12*a + 7. Let g(v) = -5*q(v) + 7*w(v). Give g(y).
-7
Let u(z) = z**3 - 6*z**2 - 3*z + 5. Suppose -8*o = -3*o. Suppose -y + 17 + 3 = o. Suppose -y - 10 = -5*i. What is u(i)?
-13
Let j(d) = 2*d + 21. Let l be ((-28)/(-8) - -7)/((-12)/16). Calculate j(l).
-7
Let r(z) = z - 3. Suppose -5*y + 5*h = -4 - 1, -10 = 4*y + 3*h. Let f be y/(-4 + 58/14). Give r(f).
-10
Let g(w) = -w**2 + 6*w - 2. Suppose 93 = -22*s - 193. Suppose -3*u + 6 = u - 2*h, 5*h - 5 = 5*u. Let c be s/52 + 17/u. Give g(c).
6
Let a(x) = x**2 + 6*x + 7. Let y = -32 - -27. Calculate a(y).
2
Suppose -3*g = -i + 6 + 15, -2*i - 4*g = -32. Let f be 3/i + (-2)/12. Let n(j) = -j - 4*j + 2*j + 6 + 2*j - j**3 - j**2. Give n(f).
6
Let p(d) be the third derivative of d**4/12 - 11*d**3/6 + 17*d**2. What is p(5)?
-1
Let i(l) = -4 - 7*l - 23*l**2 - 20*l**2 + 56*l**2 - 3 - 14*l**2. Determine i(-7).
-7
Let f(i) be the third derivative of -i**5/60 - 7*i**4/24 - i**3/2 - 55*i**2. Determine f(-5).
7
Let m(n) = -n**3 + 8*n**2 + n - 4. Let c be m(8). Let x(u) = -1973*u + u**2 - 2000*u - 1 + 3966*u. Determine x(c).
-13
Let w(h) = h**2 + 7*h - 11. Suppose 2*a - 24 = 6*a. Let z = a - 2. What is w(z)?
-3
Let z(x) = 5*x**3 - 2*x**2 - 6*x + 11. Let l(b) = 9*b**3 - 5*b**2 - 11*b + 21. Let p(t) = -6*l(t) + 11*z(t). Calculate p(-8).
-5
Let c = 43 + -42. Let o be -4 + c + (1 - 4). Let y(q) = -2*q - 9. What is y(o)?
3
Let j(o) = -o**3 + 43*o - 49*o - 10*o**2 - 2 - 7. What is j(-10)?
51
Suppose 3*k - 25 = 8*k. Let z(n) = n**3 + 6*n**2 + 2*n + 4. Calculate z(k).
19
Suppose 10 = -l - 4*l + 4*y, -4*l + y + 3 = 0. Let g(f) = 2*f**2 - 2*f - 2. Calculate g(l).
2
Let h(i) = -77*i + 9 - 73*i - 72*i - 78*i + 298*i. Determine h(9).
-9
Let v(s) = 12. Let c(y) = y - 24. Let w(j) = 2*c(j) + 5*v(j). Give w(-5).
2
Let m be ((-1)/8 + 24/192)/1. Let f(l) = -l**2 - 5. Calculate f(m).
-5
Let q(k) = 3 - 1 - 8*k + 4 + k**2. Let x(s) = -s**2 - 11*s - 2. Let g be x(-11). Let u(c) = -8*c - 10. Let i be u(g). Give q(i).
-6
Let m(j) be the first derivative of j**3/3 - j - 2. Let k be (-1 - 0)*(-4 - 1). Suppose 13 = c - 2*x, 0*c - k*c = 3*x. What is m(c)?
8
Let m(b) = b**2 + 8*b - 4. Let j be m(-6). Let z = j + 15. Let r be (-15 - z)/(-4 + 2). Let x(f) = -f**3 + 8*f**2 - 5*f - 9. Give x(r).
5
Let m(o) = 4*o + 10. Let f(d) = 3*d + 9. Let b(r) = -5*f(r) + 4*m(r). Let s(j) = -50*j - 6. Let i be s(0). What is b(i)?
-11
Let n = -6 - -2. Let m(p) = 33 - 5*p - p - p**2 + 4*p - 29. Determine m(n).
-4
Let h(s) = 2*s**3 + 18*s**2 + 15*s - 14. Let m be h(-8). Let i(p) = -p**3 - 6*p**2 - p - 8. Determine i(m).
-2
Let o(d) = -8 + 4*d**2 - 4*d**2 + 8*d**2 - 9*d - 2*d**2 - 5*d**2. Suppose 5 = -b + 15. Give o(b).
2
Let l(c) be the seco